{"id":835,"date":"2024-01-26T15:53:24","date_gmt":"2024-01-26T14:53:24","guid":{"rendered":"https:\/\/www.soundman-instruments.com\/?post_type=product&#038;p=835"},"modified":"2024-03-01T09:44:28","modified_gmt":"2024-03-01T08:44:28","slug":"ewh-501r-waldhorn-in-b-31-ventile","status":"publish","type":"product","link":"https:\/\/www.soundman-instruments.com\/?product=ewh-501r-waldhorn-in-b-31-ventile","title":{"rendered":"EWH-501R Waldhorn in B (3+1 Ventile)"},"content":{"rendered":"<p>Unser EWH-501 Waldhorn in B zeichnet sich durch seine Robustheit und seine ausgezeichneten musikalischen Eigenschaften aus. <\/p>\n<p>Es eignet sich sowohl f\u00fcr Anf\u00e4nger als auch Fortgeschrittene und ist u.a. ideal f\u00fcr Bl\u00e4serklassen oder Brassbands.<\/p>\n","protected":false},"excerpt":{"rendered":"<\/li>\n<li>Stimmung: B; Material: Messing lackiert<\/li>\n<li>Drehventile mit A-Stopfventil; Minibal-Kugelgelenke<\/li>\n<li>Schallst\u00fcckdurchmesser: 305 mm; Bohrung: 11,8 mm<\/li>\n<li>Mundst\u00fcck, Koffer, Pflegezubeh\u00f6r wie immer im Preis inbegriffen!<\/li>\n<\/ul>\n","protected":false},"featured_media":70,"template":"","meta":{"_themeisle_gutenberg_block_has_review":false},"product_cat":[26],"product_tag":[],"_links":{"self":[{"href":"https:\/\/www.soundman-instruments.com\/index.php?rest_route=\/wp\/v2\/product\/835"}],"collection":[{"href":"https:\/\/www.soundman-instruments.com\/index.php?rest_route=\/wp\/v2\/product"}],"about":[{"href":"https:\/\/www.soundman-instruments.com\/index.php?rest_route=\/wp\/v2\/types\/product"}],"wp:featuredmedia":[{"embeddable":true,"href":"https:\/\/www.soundman-instruments.com\/index.php?rest_route=\/wp\/v2\/media\/70"}],"wp:attachment":[{"href":"https:\/\/www.soundman-instruments.com\/index.php?rest_route=%2Fwp%2Fv2%2Fmedia&parent=835"}],"wp:term":[{"taxonomy":"product_cat","embeddable":true,"href":"https:\/\/www.soundman-instruments.com\/index.php?rest_route=%2Fwp%2Fv2%2Fproduct_cat&post=835"},{"taxonomy":"product_tag","embeddable":true,"href":"https:\/\/www.soundman-instruments.com\/index.php?rest_route=%2Fwp%2Fv2%2Fproduct_tag&post=835"}],"curies":[{"name":"wp","href":"https:\/\/api.w.org\/{rel}","templated":true}]}}