{"id":834,"date":"2024-01-26T15:53:24","date_gmt":"2024-01-26T14:53:24","guid":{"rendered":"https:\/\/www.soundman-instruments.com\/?post_type=product&#038;p=834"},"modified":"2024-08-29T09:46:11","modified_gmt":"2024-08-29T07:46:11","slug":"ewh-401-kinderhorn-in-b","status":"publish","type":"product","link":"https:\/\/www.soundman-instruments.com\/?product=ewh-401-kinderhorn-in-b","title":{"rendered":"EWH-401 Kinderhorn in B"},"content":{"rendered":"<div id=\"\" class=\"\">\n<p>Das Soundman\u00ae-Kinderhorn EWH-401 in B<em>b<\/em>\u00a0ist ein qualitativ hochwertiges Sch\u00fclerinstrument. Es zeichnet sich durch seine Robustheit und seine ausgezeichneten musikalischen Eigenschaften aus, die es f\u00fcr den regelm\u00e4\u00dfigen Gebrauch beispielsweise in Bl\u00e4serklassen (Klasse 5\/6) ideal machen.<\/p>\n<p>Da die spezifische Bauweise des modernen Waldhorns f\u00fcr erwachsene Instrumentalisten bestimmt ist, bietet das Kinderhorn eine L\u00f6sung f\u00fcr junge Instrumentalsch\u00fcler als Einstiegsinstrument.<\/p>\n<p>Das Kinderhorn ist (bei gleichbleibender Stimmung\/L\u00e4nge) kompakter gebaut als das Waldhorn und erm\u00f6glicht dadurch das Erlernen des Instrumentes ohne vorprogrammierte Haltungssch\u00e4den. Die Lieferung beinhaltet ein leichtes Gigbag, das man auch als Rucksack benutzen kann, sowie ein qualitativ hochwertiges Mundst\u00fcck.<\/p>\n<\/div>\n","protected":false},"excerpt":{"rendered":"<ul>\n<li>Soundman\u00ae EWH-401 Kinderhorn in B (Kid\u2019s Choice)<\/li>\n<li>Messing lackiert, Kugelgelenke<\/li>\n<li>einstellbar Fingerhaken (Ideal f\u00fcr Kinder)<\/li>\n<li>Bohrung: 11,8 mm<\/li>\n<li>Schallst\u00fcckdurchmesser: 280 mm<\/li>\n<li>inkl. Leichtkoffer mit Trageriemen, Mundst\u00fcck und Pflegezubeh\u00f6r<\/li>\n<li>im Vergleich zur Gr\u00f6\u00dfe eines Waldhorns ist das Kinderhorn ca. um \u00bc kleiner.<\/li>\n<\/ul>\n","protected":false},"featured_media":1620,"template":"","meta":{"_themeisle_gutenberg_block_has_review":false},"product_cat":[26],"product_tag":[],"_links":{"self":[{"href":"https:\/\/www.soundman-instruments.com\/index.php?rest_route=\/wp\/v2\/product\/834"}],"collection":[{"href":"https:\/\/www.soundman-instruments.com\/index.php?rest_route=\/wp\/v2\/product"}],"about":[{"href":"https:\/\/www.soundman-instruments.com\/index.php?rest_route=\/wp\/v2\/types\/product"}],"wp:featuredmedia":[{"embeddable":true,"href":"https:\/\/www.soundman-instruments.com\/index.php?rest_route=\/wp\/v2\/media\/1620"}],"wp:attachment":[{"href":"https:\/\/www.soundman-instruments.com\/index.php?rest_route=%2Fwp%2Fv2%2Fmedia&parent=834"}],"wp:term":[{"taxonomy":"product_cat","embeddable":true,"href":"https:\/\/www.soundman-instruments.com\/index.php?rest_route=%2Fwp%2Fv2%2Fproduct_cat&post=834"},{"taxonomy":"product_tag","embeddable":true,"href":"https:\/\/www.soundman-instruments.com\/index.php?rest_route=%2Fwp%2Fv2%2Fproduct_tag&post=834"}],"curies":[{"name":"wp","href":"https:\/\/api.w.org\/{rel}","templated":true}]}}