{"id":833,"date":"2024-01-26T14:53:24","date_gmt":"2024-01-26T14:53:24","guid":{"rendered":"https:\/\/www.soundman-instruments.com\/?post_type=product&#038;p=833"},"modified":"2024-09-02T08:29:31","modified_gmt":"2024-09-02T06:29:31","slug":"efg-505-fagott-aus-holz","status":"publish","type":"product","link":"https:\/\/www.soundman-instruments.com\/?product=efg-505-fagott-aus-holz","title":{"rendered":"EFG-505 Fagott aus Holz"},"content":{"rendered":"<p>Bei diesem Soundman\u00ae EFG-505 Fagott handelt es sich um ein Modell, welches Anf\u00e4ngern und Fortgeschrittenen gleicherma\u00dfen Freude bereiten wird.<\/p>\n<p>Das Instrument ist solide verarbeitet und verf\u00fcgt \u00fcber einen Holzkorpus, eine stabile Mechanik sowie versilberte Klappen. Die Intonation ist ausgezeichnet, und klanglich steht das Fagott anderen, teureren Modellen in nichts nach.<\/p>\n<p>Nat\u00fcrlich kommt das Instrument mit einem stabilen Koffer f\u00fcr den sicheren Transport. Au\u00dferdem liegt dem EFG-505 ein Fagottrohr bei, so dass Sie sofort losspielen k\u00f6nnen.<\/p>\n","protected":false},"excerpt":{"rendered":"<ul>\n<li>Soundman\u00ae EFG-505 Fagott in C &#8211;<\/li>\n<li>Einsteigermodell &#8211;<\/li>\n<li>Korpus aus Holz &#8211;<\/li>\n<li>versilberte Mechanik &#8211;<\/li>\n<li>ein Fagottrohr liegt zum direkten Anspielen bei &#8211;<\/li>\n<li>stabiler Koffer im Preis inbegriffen<\/li>\n<\/ul>\n","protected":false},"featured_media":68,"template":"","meta":{"_themeisle_gutenberg_block_has_review":false},"product_cat":[24],"product_tag":[],"_links":{"self":[{"href":"https:\/\/www.soundman-instruments.com\/index.php?rest_route=\/wp\/v2\/product\/833"}],"collection":[{"href":"https:\/\/www.soundman-instruments.com\/index.php?rest_route=\/wp\/v2\/product"}],"about":[{"href":"https:\/\/www.soundman-instruments.com\/index.php?rest_route=\/wp\/v2\/types\/product"}],"wp:featuredmedia":[{"embeddable":true,"href":"https:\/\/www.soundman-instruments.com\/index.php?rest_route=\/wp\/v2\/media\/68"}],"wp:attachment":[{"href":"https:\/\/www.soundman-instruments.com\/index.php?rest_route=%2Fwp%2Fv2%2Fmedia&parent=833"}],"wp:term":[{"taxonomy":"product_cat","embeddable":true,"href":"https:\/\/www.soundman-instruments.com\/index.php?rest_route=%2Fwp%2Fv2%2Fproduct_cat&post=833"},{"taxonomy":"product_tag","embeddable":true,"href":"https:\/\/www.soundman-instruments.com\/index.php?rest_route=%2Fwp%2Fv2%2Fproduct_tag&post=833"}],"curies":[{"name":"wp","href":"https:\/\/api.w.org\/{rel}","templated":true}]}}