{"id":821,"date":"2024-01-26T15:53:24","date_gmt":"2024-01-26T14:53:24","guid":{"rendered":"https:\/\/www.soundman-instruments.com\/?post_type=product&#038;p=821"},"modified":"2024-03-01T09:44:27","modified_gmt":"2024-03-01T08:44:27","slug":"ess-600-sopransaxophon-gerade-form","status":"publish","type":"product","link":"https:\/\/www.soundman-instruments.com\/?product=ess-600-sopransaxophon-gerade-form","title":{"rendered":"ESS-600 Sopransaxophon (gerade Form)"},"content":{"rendered":"<p>Das ESS-600 ist das ideale Einsteigermodell unter unseren geraden Sopransaxophonen. <\/p>\n<p>Dieses Instrument ist aufgrund seiner leichten Ansprache und der guten Intonation insbesondere als Anf\u00e4ngermodell bei Sch\u00fclern sehr beliebt. Die Mechanik ist absolut zuverl\u00e4ssig und gut verarbeitet. Das Modell wird inzwischen von vielen Musiklehrern empfohlen, nicht nur aufgrund seines unschlagbaren Preis-Leistungsverh\u00e4ltnisses, sondern auch aufgrund der Komplettausstattung, die einen sofortigen Start erm\u00f6glicht.  <\/p>\n<p>Das ESS-600 ist aufgrund seiner Eigenschaftern aber nicht nur f\u00fcr Anf\u00e4nger, sondern auch als Zweitinstrument f\u00fcr Fortgeschrittene und Profis beliebt geeignet. <\/p>\n","protected":false},"excerpt":{"rendered":"<ul>\n<li>\u00a0Korpus und S-B\u00f6gen aus Messing<\/li>\n<li>\u00a0Lederpolster, Stahlfeder<\/li>\n<li>\u00a0Hoch-Fis-Klappe + Hoch-G-Klappe<\/li>\n<li>\u00a01 fester S-Bogen<\/li>\n<li>\u00a0ESM Schreiber Mundst\u00fcck<\/li>\n<li>\u00a0reichhaltiges Zubeh\u00f6rset (Gurt, Korkfett, Lederwischer, Blatt)<\/li>\n<li>\u00a0Lieferung mit Koffer<\/li>\n<\/ul>\n","protected":false},"featured_media":59,"template":"","meta":{"_themeisle_gutenberg_block_has_review":false},"product_cat":[20],"product_tag":[],"_links":{"self":[{"href":"https:\/\/www.soundman-instruments.com\/index.php?rest_route=\/wp\/v2\/product\/821"}],"collection":[{"href":"https:\/\/www.soundman-instruments.com\/index.php?rest_route=\/wp\/v2\/product"}],"about":[{"href":"https:\/\/www.soundman-instruments.com\/index.php?rest_route=\/wp\/v2\/types\/product"}],"wp:featuredmedia":[{"embeddable":true,"href":"https:\/\/www.soundman-instruments.com\/index.php?rest_route=\/wp\/v2\/media\/59"}],"wp:attachment":[{"href":"https:\/\/www.soundman-instruments.com\/index.php?rest_route=%2Fwp%2Fv2%2Fmedia&parent=821"}],"wp:term":[{"taxonomy":"product_cat","embeddable":true,"href":"https:\/\/www.soundman-instruments.com\/index.php?rest_route=%2Fwp%2Fv2%2Fproduct_cat&post=821"},{"taxonomy":"product_tag","embeddable":true,"href":"https:\/\/www.soundman-instruments.com\/index.php?rest_route=%2Fwp%2Fv2%2Fproduct_tag&post=821"}],"curies":[{"name":"wp","href":"https:\/\/api.w.org\/{rel}","templated":true}]}}